r(w) = 9*w**3 - 3*w**2 + 78*w + 19. Give r(6).
2323
Let l(w) = -1375*w + 105989. Calculate l(77).
114
Let t(l) = 2*l**2 - 341*l + 4964. Determine t(16).
20
Let h(p) = p**3 - 238*p**2 - 1727*p - 81. What is h(-7)?
3
Let c(x) = 6*x**2 - 716*x - 23782. Give c(-27).
-76
Let q(f) = 541*f + 6468. Give q(-12).
-24
Let b(u) = -208546*u - 3753816. Give b(-18).
12
Let w(j) = -75*j**3 + 3641*j**2 - 1963*j - 44. Determine w(48).
196
Let t(s) = 10*s**3 - 82*s**2 + 15*s - 149. Give t(8).
-157
Let l(q) = q**3 - 3*q**2 - 28*q + 344. Give l(12).
1304
Let m(n) = 10*n**3 + 6*n**2 + 22*n - 29. What is m(1)?
9
Let b(l) = -2804*l + 38784. What is b(14)?
-472
Let x(d) = d**3 - 89*d**2 - 2305*d - 224. Determine x(110).
326
Let u(a) = 60731*a + 31762310. Give u(-523).
-3
Let h(j) = -679*j + 158201. What is h(233)?
-6
Let h(u) = 18*u**2 - 824*u + 6901. Calculate h(11).
15
Let o(w) = -5*w**2 - 1116*w - 13257. Calculate o(-12).
-585
Let p(n) = n**2 + 112*n + 1483. What is p(-30)?
-977
Let s(o) = -o**3 - 39*o**2 + 394*o + 803. What is s(-47)?
-43
Let j(p) = -43*p**3 + 66*p**2 + 155*p - 64. Give j(-3).
1226
Let a(q) = -764*q - 227631. Give a(-298).
41
Let o(f) = -613*f**2 - 708*f + 39. Calculate o(-2).
-997
Let a(m) = m**2 + 3*m + 727. Determine a(-38).
2057
Let j(b) = -10665*b + 362630. Calculate j(34).
20
Let b(g) = 11*g**2 + 25*g + 325. What is b(-10)?
1175
Let y(v) = -v**3 + 46*v**2 - 16174*v + 235642. Determine y(15).
7
Let d(h) = -2*h**3 + 93*h**2 - 144*h - 3795. Determine d(8).
-19
Let q(a) = 4*a**2 + 1744*a - 10612. Determine q(-442).
-4
Let i(h) = 6*h**2 - 295*h + 3637. Calculate i(24).
13
Let f(n) = -6*n**2 - 196792*n - 787056. What is f(-4)?
16
Let y(m) = -2*m**3 - 19*m**2 - 519*m + 6380. What is y(8)?
-12
Let t(l) = 2*l**2 + 3471*l + 13866. What is t(-4)?
14
Let n(w) = 35073*w - 2034210. Determine n(58).
24
Let z(l) = 5*l**3 + 70*l**2 - 278*l - 355. Give z(-17).
36
Let n(a) = -117145*a - 117163. What is n(-1)?
-18
Let n(m) = 743*m - 4543. Calculate n(7).
658
Let p(s) = -1625*s**2 + 445252*s - 535. Give p(274).
13
Let t(a) = a**3 + 23*a**2 - 302*a - 274. Calculate t(10).
6
Let g(w) = w**3 + 72*w**2 - 1200*w + 140. What is g(-86)?
-204
Let c(p) = p**3 - 2*p**2 - 25*p - 7. Calculate c(7).
63
Let t(h) = 631*h - 108413. Give t(171).
-512
Let l(b) = 247*b - 44527. Calculate l(180).
-67
Let l(u) = -3*u**3 + 22*u**2 - 12754*u + 89248. Give l(7).
19
Let t(h) = -71*h**2 + 8130*h - 4158. Give t(114).
-54
Let j(t) = -139*t**2 - 3631*t + 10886. Give j(3).
-1258
Let k(y) = -12*y**3 - 92*y**2 + 479*y - 48. Determine k(5).
-1453
Let z(g) = 34*g - 1274. Calculate z(45).
256
Let r(o) = 5963*o**2 + 1144896*o + 6. Determine r(-192).
6
Let l(u) = 47*u - 18204. Calculate l(388).
32
Let p(q) = 1438*q - 29478. Give p(22).
2158
Let c(z) = 20050*z - 20057. Calculate c(1).
-7
Let y(r) = 3*r**3 + 355*r**2 - 15379*r - 4097. Calculate y(-152).
7
Let d(z) = z**3 + 78*z**2 + 525*z - 263. Give d(-71).
-2251
Let o(m) = -6933*m - 83223. Determine o(-12).
-27
Let g(r) = 73877*r - 1108182. Calculate g(15).
-27
Let m(y) = -4173*y + 1118364. What is m(268)?
0
Let l(o) = -956*o + 107977. Calculate l(114).
-1007
Let k(n) = -n**3 - 28*n**2 - 76*n + 517. What is k(-24)?
37
Let k(t) = 2*t**3 + 44*t**2 - 66*t - 842. Give k(-4).
-2
Let p(r) = -5*r**2 + 70625*r + 70627. Give p(-1).
-3
Let v(n) = 9*n**3 + 35*n**2 + 32*n + 137. Calculate v(-4).
-7
Let y(u) = 4*u**3 + 129*u**2 + 1041*u + 259. Give y(-14).
-7
Let y(h) = 3*h**2 + 345*h - 2848. Calculate y(8).
104
Let k(v) = 3*v**2 + 43332*v + 86669. What is k(-2)?
17
Let a(i) = -17531*i + 12306770. Give a(702).
8
Let d(b) = 52*b**3 - 19*b**2 + 42*b - 12. Determine d(2).
412
Let t(g) = 2*g**3 + 316*g**2 + 628*g. What is t(-2)?
-8
Let c(w) = 1019*w + 42791. Determine c(-42).
-7
Let w(v) = v**3 + 5*v**2 - 111*v + 592. Give w(-15).
7
Let z(c) = -8075*c - 20205. Give z(-3).
4020
Let n(b) = -2*b**3 + 2*b**2 + 61*b - 37. Calculate n(-8).
627
Let t(r) = -r**3 - 10*r**2 + 617*r - 4003. Calculate t(9).
11
Let l(x) = 15647*x + 106. Give l(0).
106
Let l(r) = 5*r**3 + 111*r**2 - 407*r - 1140. What is l(-25)?
285
Let m(l) = -8270*l - 120. What is m(0)?
-120
Let i(w) = 334*w + 1771. What is i(-8)?
-901
Let b(g) = 2*g**2 - 5170*g - 215413. What is b(-41)?
-81
Let o(z) = 202346*z - 2630437. Determine o(13).
61
Let n(p) = p**3 + 5*p**2 - 116*p + 1490. Give n(-17).
-6
Let f(t) = 5*t**3 - 212*t**2 + 45*t - 142. Calculate f(42).
-1780
Let r(c) = 3*c**2 + 10*c - 1409. What is r(20)?
-9
Let j(u) = 30*u**2 + 478*u + 2412. Calculate j(-6).
624
Let f(a) = 24819*a - 50207. Calculate f(2).
-569
Let k(u) = 9783*u + 8472079. Give k(-866).
1
Let y(l) = -5306*l - 217554. Give y(-41).
-8
Let y(k) = 1163*k - 17294. Calculate y(15).
151
Let c(n) = -n**3 + 111*n**2 + 219*n + 555. Determine c(113).
-236
Let b(f) = -2341*f - 507983. Give b(-217).
14
Let s(v) = 5*v**2 - 78*v + 284. Give s(3).
95
Let j(n) = n**2 + 177*n - 135421. What is j(290)?
9
Let f(j) = -5*j**2 + 2159*j - 21086. What is f(10)?
4
Let h(x) = 2*x**3 - 76*x**2 + 207*x - 49. Determine h(35).
-154
Let y(l) = -971939*l + 25270412. What is y(26)?
-2
Let x(b) = -204*b**2 + 20613*b - 1097. What is x(101)?
-188
Let b(p) = 5150*p + 849755. Determine b(-165).
5
Let t(v) = -7301*v - 226331. What is t(-31)?
0
Let g(w) = -16229*w - 129810. What is g(-8)?
22
Let d(l) = l**3 - 24*l**2 - 910*l - 55. Determine d(45).
1520
Let l(i) = 5*i**2 - 161*i - 618. What is l(37)?
270
Let c(p) = -97*p**3 + 578*p**2 + 655*p - 13. Calculate c(-1).
7
Let s(c) = -2*c**3 + 6*c**2 + 185*c - 1669. Determine s(9).
-976
Let m(n) = 18*n**3 + 84*n**2 - 140*n - 22. Give m(2).
178
Let j(o) = -o**3 + 189*o**2 - 4521*o + 356. What is j(28)?
-8
Let v(d) = -1020*d - 82. Give v(1).
-1102
Let v(x) = 7*x**3 + 123*x**2 - 2486*x + 49. Calculate v(12).
25
Let k(r) = 588*r - 18950. Determine k(31).
-722
Let n(s) = 5*s**3 + 2*s**2 + 17. Calculate n(3).
170
Let q(s) = -4143*s**2 + 24859*s - 32. Calculate q(6).
-26
Let o(h) = -8*h**2 - 111*h - 36. Calculate o(-12).
144
Let s(a) = a**2 + 11484*a + 172032. Determine s(-15).
-3
Let r(s) = -s**2 - 3529*s + 498442. Give r(136).
2
Let i(n) = n**3 - 4*n**2 + 320*n + 1819. Give i(-5).
-6
Let i(f) = -f**3 - 104*f**2 + 785*f + 879. Give i(-111).
-9
Let m(o) = -10469*o - 345488. Calculate m(-33).
-11
Let s(l) = l**2 + 238*l + 943. What is s(-4)?
7
Let q(u) = 2*u**3 + 283*u**2 - 3037*u + 59. Give q(10).
-11
Let l(p) = 287*p**2 + 12480*p - 77569. Give l(-49).
-2
Let i(a) = -a**3 - 13*a**2 + 1397*a + 16817. Determine i(-12).
-91
Let u(x) = -3139*x + 627801. Determine u(200).
1
Let l(x) = x**3 + 141*x**2 - 221*x - 50373. What is l(-140)?
167
Let l(p) = 2*p**3 - 24*p**2 + 247*p - 2464. Give l(11).
11
Let c(d) = 210*d - 21125. Calculate c(98).
-545
Let x(a) = 1872*a + 54592. Determine x(-28).
2176
Let y(f) = 2*f**2 + 46*f - 45581. Determine y(-163).
59
Let n(k) = 36370*k - 400391. What is n(11)?
-321
Let y(q) = -18*q**2 + 51879*q + 155789. Calculate y(-3).
-10
Let f(n) = -6*n**3 - 792*n**2 + 4*n + 270. What is f(-132)?
-258
Let p(g) = 5*g**3 + 66*g**2 - 27*g + 21. What is p(-14)?
-385
Let w(k) = -k**2 + 6855*k + 41179. What is w(-6)?
13
Let s(b) = 1479*b + 273500. Give s(-185).
-115
Let m(j) = 85*j - 3841. Give m(46).
69
Let k(q) = -q**2 + 296*q - 6500. Give k(24).
28
Let j(u) = 2281*u**2 - 595*u - 599. Determine j(-1).
2277
Let z(x) = 35*x**2 - 813*x - 7399. Give z(-7).
7
Let b(u) = 904*u + 613752. Give b(-679).
-64
Let b(a) = -a**3 + 99*a**2 + 515*a + 533. Determine b(104).
13
Let z(m) = m**2 - 816*m - 11906. Give z(-14).
-286
Let n(f) = 2442*f - 666660. Give n(273).
6
Let j(g) = -g**2 + 141*g - 5045. Give j(78).
-131
Let p(o) = 6*o**3 + 12*o**2 - 395*o - 1333. Determine p(-3).
-202
Let c(x) = 2145*x + 1205492. Determine c(-562).
2
Let z(c) = -189*c - 30248. Calculate z(-160).
-8
Let p(t) = -17*t**3 + 341*t**2 - 25*t + 105. What is p(20)?
5
Let g(h) = 5012*h + 75150. Calculate g(-15).
-30
Let x(g) = -6*g**2 + 13*g - 12. What is x(-7)?
-397
Let l(j) = -44213*j + 132713. What is l(3)?
74
Let y(k) = -2*k**3 - 110*k**2 - 191*k - 4464. What is y(-54)?
18
Let v(b) = 210*b**2 - 1091*b - 8. What is v(5)?
-213
Let w(f) = 5*f**2 + 1785*f + 7070. What is w(-4)?
10
Let i(d) = 4520*d - 307427. What is i(68)?
-67
Let v(r) = -77*r**2 + 4144*r - 8269. Give v(2).
